. Let a = -28 - l. Suppose -2*b = 2*h - a, -b + h + 91 = b. What is the units digit of b?
7
Let h(r) = 2*r - 15. Let b be h(10). Suppose i - 6 = -b*l - 1, -4*i - 12 = 4*l. What is the tens digit of (-642)/15*i/2?
0
Let m(p) = -p**3 - 41*p**2 - 8*p + 94. Let n be m(-41). Let h = -382 + n. What is the tens digit of h?
4
Let p be ((-388)/3)/((-24)/36). Suppose -4*c = 4*f + 240, -2*c - 2*f - f = 117. Let s = c + p. What is the units digit of s?
1
Let s(x) = 165*x - 42. Let l = 501 - 494. What is the thousands digit of s(l)?
1
Let x(v) = 12484*v - 2949. What is the thousands digit of x(3)?
4
Suppose -4*j = 4*h - 23125 - 2159, -4*h + 25284 = 5*j. Suppose 5*o = -501 + h. What is the hundreds digit of o?
1
Let g be ((-36)/(-28))/((-2)/(-14)). Suppose -3*q - 7*a + 1963 = -g*a, -3*a = -5*q + 3273. What is the units digit of q?
7
Suppose -v + 26 = -2*r - 6, 160 = 5*v + 3*r. Suppose v = 5*q + 22. Suppose -4*j = 4*z - 0*j - 256, q*z - 133 = -3*j. What is the tens digit of z?
5
Let b be 42/10 + 1/(-5). Let w be b/(-26) + (-82)/(-26). Let g(u) = 9*u - 3. What is the tens digit of g(w)?
2
Let y(v) = -v**3 - 2*v - 8. Let a be y(0). Let r(o) = -o + 3. Let i be r(5). What is the tens digit of (4/a)/(i/268)?
6
Suppose 0 = 10*x - 116924 - 36216. What is the ten thousands digit of x?
1
Let o = -56 + 58. Suppose -o*i - 59 = -3*t + 127, i = 3*t - 189. What is the units digit of 2/(-6 - -3 - t/(-20))?
0
Suppose 2725 + 1556 = 3*s. What is the units digit of s?
7
Let p = 24996 + -6780. What is the hundreds digit of p?
2
Suppose k = -5*q + 6*q + 12140, 2*q = 2. What is the thousands digit of k?
2
Let q = 11938 - 8416. What is the hundreds digit of q?
5
What is the ten thousands digit of (8 - (-7715)/15)*21?
1
Let f = -3687 - -9873. What is the hundreds digit of f?
1
Suppose 0 = t - 4*t - 3*l + 31170, 51915 = 5*t - 2*l. What is the thousands digit of t?
0
Suppose -362 - 198 = 2*m. Let n be ((-24)/(-14))/((-16)/m). Suppose 496 = -26*i + n*i. What is the units digit of i?
4
What is the hundreds digit of (2/(-4))/((-155)/(-2790)) - 136512/(-2)?
2
Suppose 4*c = -4*d + 24, -2*c + 3*c = 2*d - 18. Let h be (-2)/8*-1 - (-86)/d. Suppose h*g = -374 + 1463. What is the tens digit of g?
9
Let a(k) = -17*k - 25. Let h be a(14). Let u = 157 - h. Suppose n + c - 75 = 0, -8*n + 4*c = -3*n - u. What is the units digit of n?
0
Let s = -1607 + 6507. What is the hundreds digit of s?
9
Suppose -3*c + 24227 = -d, 50*c = 46*c + 2*d + 32308. What is the thousands digit of c?
8
What is the hundreds digit of (0 + (-361144)/98)*-2*(-28)/(-8)?
7
Let o = -10439 + 19125. What is the hundreds digit of o?
6
Let q be (-4)/((-208)/252) + 12/78. Suppose 3*u - 3*j = 957, q*u = 7*j - 3*j + 1590. What is the units digit of u?
4
Let h(b) be the first derivative of 23/3*b**3 + 25 - 3*b**2 - 6*b. What is the units digit of h(-2)?
8
Suppose 0 = 2*s + 2*l - 0*l - 8, 0 = 3*s + 5*l - 6. Let d(j) = 2*j**3 - 6*j**2 + 18*j - 22. What is the units digit of d(s)?
6
Suppose 1 = -3*v + 2*v, 5*i = 4*v + 4. What is the units digit of 1273 - (0 + (-6 + 5)*i)?
3
Let d be 5*6/30*0. Suppose d = 18*p - 5*p - 975. What is the units digit of p?
5
Let r = 176 - 178. What is the units digit of (r + 4)/((-7)/((-574)/4))?
1
Suppose -17*c - 484686 = -68*c + 73407. What is the ten thousands digit of c?
1
Suppose 0 = -18*f - 29*f + 94. Suppose 341 = -f*k + 671. What is the units digit of k?
5
Let g(r) = -840*r - 33. Let l be g(-3). Suppose 0 = 10*x - 1423 - l. What is the hundreds digit of x?
3
Let x(i) = -8*i - 1. Let d be x(-1). Let b be (-144)/(-15) - d - (-4)/10. Suppose -5*t = -1 - 4, 5*t = -b*l + 233. What is the units digit of l?
6
Suppose 5*c = 3*k + 192376, 5*k = -4*c + 46517 + 107443. What is the tens digit of c?
8
Suppose -7*f + 21*f - 8005 + 2531 = 0. What is the tens digit of f?
9
Let g(m) = -m**3 - 3*m**2 - 8*m - 30. Let n be g(-8). Let v = n + -151. What is the units digit of v?
3
Let w(c) = 7*c - 4. Let y be w(1). Suppose y*m = 4*n + 4397, 11*m - 4400 = 8*m + n. What is the tens digit of m?
6
Let x = 65 - 66. Let w be (x - (-4)/(-6))/((-15)/54). Suppose -w*o = -3*o - 294. What is the units digit of o?
8
Suppose 3*y = -c + 6, -5*y = -5*c - 0*c - 10. Suppose -3*m - m + 9 = h, -y*h = -4*m + 6. What is the units digit of -1 + (m - 3) + 15?
3
Let x(b) = -215*b - 16. Let z be x(-2). Suppose 0 = -6*o + 3294 + z. What is the units digit of o?
8
Let n(y) = 4*y**2 + 5*y - 10. Let u be n(-8). Let f(q) = -9*q**3 - 10*q**2 - 14*q - 32. Let z be f(-2). Let x = u - z. What is the units digit of x?
8
Let v(s) = 4*s**2 - 32*s + 40. Suppose -14*l + 107 = -117. What is the hundreds digit of v(l)?
5
Let k = -1684 + 708. Let h = 2095 + k. What is the thousands digit of h?
1
Let g = 8715 - 1286. What is the hundreds digit of g?
4
Suppose 284 = 2*r - 1176. Suppose -1856 = -6*j + r. Suppose 2*k = -4*g + 422, -j = -4*g + 4*k - 3. What is the hundreds digit of g?
1
Let n = 11006 - 780. What is the thousands digit of n?
0
What is the thousands digit of -17322*6/24*4/(-3)?
5
Suppose -249 = -4*x - 5*f, -5*x + 260 = -10*f + 6*f. Let b = x - -670. What is the tens digit of b?
2
Let v = -310 - -293. Let c(f) = -f**3 - 16*f**2 + 4*f + 1. What is the tens digit of c(v)?
2
Let n be 4 - (4 + 3760)*(-1)/2. Let u = n + -1335. What is the hundreds digit of u?
5
Let a(y) = -2*y - 8. Let o be a(-2). Let m(u) = -29*u - 29. Let n be m(o). Suppose 0 = n*d - 86*d - 74. What is the tens digit of d?
7
Let t be ((-2)/10)/(22/(-990)). What is the units digit of -6 + 7 - t - -1110?
2
Suppose 0 = -b + 8 + 1. Suppose b*c + 2900 = 3*n + 13*c, 4*n = -5*c + 3865. What is the hundreds digit of n?
9
Suppose -2*r + 3*f + 371 = 0, 0 = r - f - 2*f - 178. Suppose 0 = -5*d - 2*q + 796, d - r = 2*q - 29. What is the units digit of d?
0
Let y = 44216 + -17437. What is the tens digit of y?
7
Suppose -3*h - z + 96 = -449, 533 = 3*h - 5*z. Let l = h + 700. What is the hundreds digit of l?
8
Suppose -617 = 26*k + 423. What is the hundreds digit of (-69884)/k + (-8)/80?
7
Suppose -18*w = -28*w + 18*w - 5456. What is the tens digit of w?
8
Suppose -3*r = 3*c - 2*c, r = -5*c. Suppose c*u - 2*u + 486 = 0. Suppose -4*a = g - u, 0*g + 238 = 4*a + 2*g. What is the units digit of a?
2
Let g(d) = 189*d**3 + d**2 + 18*d - 12. What is the thousands digit of g(4)?
2
Let n = 11289 + -3149. What is the hundreds digit of n?
1
Let o(n) = n**3 - 4*n**2 - 6*n + 3. Let w(t) = 89*t + 6. Let q be w(-2). Let j be 6/(-10) + q/(-20). What is the hundreds digit of o(j)?
2
Suppose -q - q + 6 = 2*t, -2*t - 6 = -2*q. Suppose 396 = 2*j + 5*b, -3*j + j + 2*b + 424 = t. What is the tens digit of j?
0
Let g = 8606 - -9363. What is the units digit of g?
9
Suppose 2607 + 405 = 6*a. What is the tens digit of (a/(-8))/((-8)/32)?
5
Suppose 6 = 3*g, 0 = -5*z + g + 3 - 0. Let w(l) = 4*l**2 - 1 + 0*l**2 + 49*l**2 - 4*l**2. What is the units digit of w(z)?
8
Suppose -467*m = -119*m - 448274 - 43450. What is the hundreds digit of m?
4
Let d(b) = -3*b - 3. Let w be (-3 + 2)*(3 + 2). Let v(y) = -3*y - 2. Let x(r) = w*d(r) + 6*v(r). What is the tens digit of x(-4)?
1
Suppose -52*f + 27*f = -26*f + 7630. What is the units digit of f?
0
Let k be ((-1)/2)/(3/(-18)). Suppose 5*b - 310 = 5*d, 0 = 4*b - k*d - 76 - 174. Let w = b - 46. What is the units digit of w?
8
Suppose -3*h - 5*c - 66176 = -6*h, 0 = -c + 2. What is the hundreds digit of h?
0
What is the thousands digit of (4/(-16))/(126/(-56)) + 116477/9?
2
Let z = 2 + -24. Let o = z + 24. Suppose -o*d + 588 = 4*d. What is the units digit of d?
8
Let i be 10/35 - (-2)/(-7). Suppose i = 6*g - 4*g - 60. What is the units digit of g?
0
Suppose 1794 = k - 2*c, -5*k + 8977 = -c - 2*c. What is the units digit of (k/3)/(10/165*11)?
8
What is the thousands digit of -3 + (-5)/(-3) + 212267/33?
6
Let a(d) be the second derivative of 25*d**3/6 + 16*d**2 - 10*d - 4. What is the units digit of a(6)?
2
Suppose 2*m + 260 = 3*j, -j + 4*m + 268 = 2*j. Let x = j + -5. Suppose 0 = 2*n + 10, 5*n - x - 30 = -k. What is the tens digit of k?
3
Let o(b) = b**2 + 3*b - 25. Let l = -90 - -75. What is the units digit of o(l)?
5
What is the ten thousands digit of (-150)/(4 - (-1378)/(-344))?
2
Suppose 16*c - 59*c + 21543 = 0. Suppose 4*r - 1759 - c = 0. What is the tens digit of r?
6
What is the thousands d